r of 146 and 189362.
146
Calculate the highest common factor of 31 and 14291.
31
What is the greatest common factor of 581 and 69637?
83
What is the greatest common factor of 28710 and 35?
5
What is the highest common factor of 825 and 178750?
275
Calculate the greatest common divisor of 1412 and 136258.
706
What is the greatest common factor of 182 and 5486?
26
Calculate the greatest common divisor of 8281 and 122694.
169
Calculate the greatest common factor of 61732 and 4048.
1012
Calculate the highest common divisor of 26358 and 552.
138
Calculate the greatest common divisor of 21 and 68740.
7
What is the highest common factor of 312 and 3237?
39
Calculate the highest common divisor of 137 and 65897.
137
Calculate the greatest common divisor of 5257 and 149449.
751
What is the greatest common factor of 285 and 42960?
15
Calculate the highest common factor of 229 and 1210.
1
Calculate the highest common factor of 5760 and 13080.
120
Calculate the greatest common factor of 666 and 10660662.
666
Calculate the greatest common factor of 5940 and 11124.
108
Calculate the highest common factor of 25787 and 34222.
241
What is the greatest common factor of 23583 and 231?
21
Calculate the greatest common divisor of 66132 and 23364.
396
Calculate the highest common divisor of 81 and 214407.
81
Calculate the highest common divisor of 119 and 4473.
7
Calculate the highest common factor of 24248 and 10136.
56
Calculate the highest common divisor of 43035 and 315.
15
What is the highest common factor of 31200 and 96?
96
Calculate the greatest common factor of 11227983 and 251.
251
Calculate the highest common divisor of 8974 and 7574.
14
What is the highest common divisor of 537348 and 66?
6
Calculate the highest common divisor of 988 and 5662.
38
Calculate the greatest common divisor of 896 and 4312.
56
Calculate the highest common divisor of 1515 and 50385.
15
What is the highest common factor of 122 and 2878895?
61
Calculate the greatest common factor of 62694 and 90.
18
Calculate the highest common divisor of 39472 and 112.
16
Calculate the greatest common factor of 3961 and 68.
17
Calculate the highest common divisor of 65825 and 100.
25
What is the highest common factor of 260 and 379080?
260
What is the greatest common factor of 143 and 102271?
13
Calculate the highest common factor of 576 and 93546.
18
What is the highest common divisor of 33 and 1196503?
11
Calculate the greatest common factor of 149 and 22350.
149
What is the highest common factor of 2830 and 15870?
10
Calculate the greatest common divisor of 111013 and 35.
7
What is the highest common factor of 32 and 37584?
16
Calculate the highest common divisor of 169059 and 165.
33
Calculate the greatest common divisor of 1 and 16468.
1
Calculate the greatest common divisor of 17472 and 4004.
364
Calculate the greatest common factor of 26 and 17875.
13
Calculate the greatest common factor of 3099 and 1437.
3
Calculate the highest common divisor of 2511 and 11997.
279
Calculate the highest common factor of 8424 and 967464.
648
What is the highest common factor of 2564028 and 108?
108
What is the highest common factor of 50550 and 2950?
50
What is the greatest common divisor of 77406 and 294?
42
What is the greatest common divisor of 9036 and 4?
4
Calculate the highest common divisor of 10255 and 845305.
1465
What is the highest common factor of 220 and 1010?
10
What is the greatest common divisor of 12 and 124692?
12
What is the greatest common divisor of 450296 and 1806?
602
What is the greatest common divisor of 1533 and 168?
21
Calculate the greatest common divisor of 53980 and 1280.
20
What is the greatest common divisor of 13280 and 14525?
415
What is the highest common divisor of 840150 and 90?
90
What is the highest common divisor of 6818 and 602?
14
What is the greatest common factor of 71064 and 546?
42
Calculate the highest common divisor of 14 and 23282.
14
Calculate the greatest common divisor of 1089 and 5929.
121
Calculate the highest common factor of 44520 and 1020.
60
Calculate the highest common divisor of 1074674 and 1651.
127
What is the highest common divisor of 3484 and 4288?
268
Calculate the highest common divisor of 162 and 318870.
54
Calculate the greatest common factor of 8965 and 12225.
815
What is the highest common factor of 7738 and 16?
2
Calculate the highest common divisor of 647715 and 87.
87
Calculate the greatest common factor of 450 and 26900.
50
What is the greatest common factor of 1394 and 2419?
41
Calculate the highest common factor of 17787 and 2877.
21
Calculate the highest common factor of 13338 and 9386.
494
What is the greatest common factor of 437 and 61598?
19
What is the highest common factor of 204138 and 5346?
198
Calculate the highest common factor of 14 and 1461516.
14
What is the greatest common divisor of 23300 and 2300?
100
Calculate the greatest common divisor of 7400 and 1900.
100
What is the greatest common factor of 60 and 393940?
20
Calculate the highest common divisor of 9338 and 50722.
14
Calculate the highest common divisor of 172144 and 96.
16
What is the highest common factor of 193 and 472271?
193
Calculate the highest common divisor of 346511 and 578.
289
Calculate the highest common divisor of 49 and 555905.
49
Calculate the highest common factor of 396090 and 630.
90
Calculate the highest common factor of 2091 and 8109.
51
What is the highest common factor of 56958 and 17094?
66
Calculate the highest common divisor of 77623 and 52.
13
Calculate the highest common divisor of 276848 and 85800.
1144
Calculate the greatest common factor of 262899 and 39.
39
What is the greatest common factor of 29400 and 5800?
200
What is the greatest common factor of 183 and 166530?
183
Calculate the highest common divisor of 892 and 348549.
223
What is the greatest common divisor of 6766 and 2006?
34
Calculate the greatest common divisor of 8 and 30752.
8
What is the greatest common divisor of 208865 and 185?
185
What is the highest common divisor of 11000 and 10175?
275
What is the highest common factor of 8 and 1256104?
8
What is the greatest common divisor of 2082624 and 768?
192
Calculate the highest common divisor of 2 and 199850.
2
What is the highest common divisor of 6624 and 368?
368
Calculate the greatest common factor of 87841 and 26767.
377
Calculate the highest common factor of 745 and 12367.
149
What is the highest common divisor of 69880 and 80?
40
Calculate the highest common divisor of 1715 and 10388.
49
What is the greatest common divisor of 70 and 526890?
70
Calculate the highest common factor of 420 and 93828.
84
What is the greatest common divisor of 159 and 56657?
53
Calculate the highest common divisor of 686 and 2298786.
686
Calculate the highest common divisor of 1 and 10303.
1
Calculate the highest common divisor of 5556 and 16.
4
What is the highest common divisor of 11760 and 50?
10
What is the highest common factor of 206889 and 6?
3
What is the greatest common divisor of 399 and 38741?
19
Calculate the highest common divisor of 1728 and 37578.
6
What is the highest common divisor of 581 and 4564?
7
Calculate the greatest common divisor of 338 and 92105.
169
Calculate the greatest common factor of 1906780 and 100.
20
What is the highest common factor of 580 and 14140?
20
What is the greatest common divisor of 2322 and 2601?
9
Calculate the highest common factor of 2 and 1483.
1
What is the greatest common factor of 776955 and 45?
15
Calculate the highest common factor of 57972 and 1500.
12
Calculate the greatest common factor of 2814 and 63525.
21
What is the greatest common factor of 1083 and 450528?
1083
Calculate the greatest common divisor of 1514 and 4.
2
Calculate the highest common factor of 498 and 169071.
249
Calculate the highest common divisor of 285090 and 153.
51
Calculate the greatest common divisor of 86009 and 154.
77
What is the highest common divisor of 99432 and 72?
72
Calculate the highest common divisor of 1242 and 20240.
46
Calculate the greatest common factor of 52 and 8232562.
26
Calculate the highest common factor of 91 and 39487.
7
What is the highest common factor of 269845 and 5?
5
Calculate the greatest common factor of 7 and 3185336.
7
What is the greatest common factor of 770 an